ate the remainder when 245780 is divided by 9090.
350
What is the remainder when 84680 is divided by 859?
498
What is the remainder when 3621916 is divided by 4468?
2836
What is the remainder when 139140 is divided by 34779?
24
What is the remainder when 6697788 is divided by 372098?
24
What is the remainder when 35365 is divided by 17277?
811
What is the remainder when 6384841 is divided by 87?
85
What is the remainder when 2777340 is divided by 36069?
27
What is the remainder when 2433579166 is divided by 2876?
2874
Calculate the remainder when 48145 is divided by 747.
337
What is the remainder when 5217306 is divided by 32205?
96
What is the remainder when 174239 is divided by 43246?
1255
What is the remainder when 129899230 is divided by 398?
388
Calculate the remainder when 85219 is divided by 4733.
25
What is the remainder when 641001 is divided by 1319?
1286
What is the remainder when 1360482 is divided by 191?
180
Calculate the remainder when 670969 is divided by 335394.
181
Calculate the remainder when 9184751 is divided by 76.
75
What is the remainder when 350503917 is divided by 18?
15
What is the remainder when 1625072 is divided by 734?
730
What is the remainder when 243822607 is divided by 60955647?
19
Calculate the remainder when 14809627 is divided by 63289.
1
What is the remainder when 30249 is divided by 4547?
2967
What is the remainder when 17412565 is divided by 5804178?
31
Calculate the remainder when 215377 is divided by 107651.
75
What is the remainder when 56530 is divided by 385?
320
Calculate the remainder when 8187319 is divided by 40.
39
Calculate the remainder when 1383863 is divided by 6047.
5147
Calculate the remainder when 22507149 is divided by 43450.
49
What is the remainder when 35953737 is divided by 958?
955
Calculate the remainder when 358988725 is divided by 74.
73
Calculate the remainder when 1454 is divided by 599.
256
What is the remainder when 22737278 is divided by 37?
1
What is the remainder when 36648303 is divided by 2636?
2631
What is the remainder when 570400455 is divided by 149?
145
What is the remainder when 10903241 is divided by 299?
206
What is the remainder when 947587 is divided by 878?
225
What is the remainder when 25997 is divided by 2158?
101
Calculate the remainder when 1071516 is divided by 15309.
15195
What is the remainder when 443915 is divided by 38?
37
What is the remainder when 12465845 is divided by 3116460?
5
What is the remainder when 221095 is divided by 498?
481
What is the remainder when 445641 is divided by 74086?
1125
Calculate the remainder when 1831825 is divided by 115.
105
Calculate the remainder when 829489 is divided by 1165.
9
What is the remainder when 4493084 is divided by 14?
8
Calculate the remainder when 35979216 is divided by 1413.
1410
Calculate the remainder when 9648438 is divided by 248.
246
What is the remainder when 4567285 is divided by 18?
1
What is the remainder when 1496078 is divided by 30?
8
Calculate the remainder when 288646 is divided by 229.
106
What is the remainder when 22635157 is divided by 1255?
1232
What is the remainder when 4821865 is divided by 4025?
3940
Calculate the remainder when 2531690 is divided by 725.
715
What is the remainder when 1054215 is divided by 1734?
1677
Calculate the remainder when 43655 is divided by 58.
39
What is the remainder when 677378 is divided by 96767?
9
Calculate the remainder when 28547495 is divided by 72.
71
Calculate the remainder when 56698296 is divided by 1539.
1536
What is the remainder when 52794 is divided by 588?
462
What is the remainder when 35292 is divided by 6682?
1882
What is the remainder when 166075 is divided by 860?
95
Calculate the remainder when 600640 is divided by 1155.
40
What is the remainder when 515584 is divided by 4711?
2085
Calculate the remainder when 2501676 is divided by 17.
7
What is the remainder when 243148 is divided by 80643?
1219
Calculate the remainder when 1395178 is divided by 283.
271
What is the remainder when 8604963 is divided by 305?
303
Calculate the remainder when 18873 is divided by 15022.
3851
Calculate the remainder when 10860 is divided by 1492.
416
Calculate the remainder when 21291590 is divided by 24.
14
What is the remainder when 2367155 is divided by 44?
43
What is the remainder when 22000 is divided by 1614?
1018
What is the remainder when 609834 is divided by 203261?
51
Calculate the remainder when 22821 is divided by 7200.
1221
What is the remainder when 3391313 is divided by 484472?
9
Calculate the remainder when 389239 is divided by 13415.
204
What is the remainder when 346768 is divided by 776?
672
What is the remainder when 4311623 is divided by 2029?
2027
Calculate the remainder when 20784234 is divided by 32025.
9
Calculate the remainder when 1351606 is divided by 1351597.
9
Calculate the remainder when 885091 is divided by 18438.
67
What is the remainder when 800454 is divided by 2006?
60
Calculate the remainder when 248249 is divided by 41153.
1331
Calculate the remainder when 199800 is divided by 223.
215
What is the remainder when 104126129 is divided by 15?
14
Calculate the remainder when 170809121 is divided by 1959.
1952
What is the remainder when 906023 is divided by 22?
19
Calculate the remainder when 227132 is divided by 22712.
12
Calculate the remainder when 255383 is divided by 40.
23
Calculate the remainder when 9759542 is divided by 1535.
12
What is the remainder when 6381 is divided by 95?
16
What is the remainder when 323971 is divided by 776?
379
Calculate the remainder when 122343 is divided by 1880.
143
What is the remainder when 3074543 is divided by 19583?
12
Calculate the remainder when 2750621 is divided by 344.
341
Calculate the remainder when 3508825 is divided by 3508814.
11
Calculate the remainder when 195749 is divided by 176.
37
What is the remainder when 770369 is divided by 26557?
216
What is the remainder when 267797 is divided by 154?
145
Calculate the remainder when 3801981 is divided by 2188.
1425
What is the remainder when 59242493 is divided by 32?
29
What is the remainder when 86443 is divided by 43074?
295
Calculate the remainder when 922489 is divided by 3548.
9
Calculate the remainder when 743626413 is divided by 12.
9
What is the remainder when 242161467 is divided by 41?
10
Calculate the remainder when 4622567 is divided by 43609.
13
Calculate the remainder when 5080461 is divided by 41643.
15
Calculate the remainder when 6679256 is divided by 2226406.
38
Calculate the remainder when 514874 is divided by 2777.
1129
What is the remainder when 10685515 is divided by 1377?
1372
What is the remainder when 11696656 is divided by 317?
307
Calculate the remainder when 3144508 is divided by 140.
108
What is the remainder when 22135 is divided by 11011?
113
Calculate the remainder when 7872587 is divided by 1124643.
86
Calculate the remainder when 180778 is divided by 1123.
1098
What is the remainder when 78718007 is divided by 48?
23
Calculate the remainder when 4268622 is divided by 2622.
6
Calculate the remainder when 671407 is divided by 7291.
635
What is the remainder when 284081 is divided by 141638?
805
What is the remainder when 1248130 is divided by 3006?
640
What is the remainder when 13672684 is divided by 7751?
7671
What is the remainder when 4234977 is divided by 344?
337
What is the remainder when 35400813 is divided by 7080160?
13
What is the remainder when 4315 is divided by 94?
85
Calculate the remainder when 1467226 is divided by 291.
4
Calculate the remainder when 151785 is divided by 478.
259
What is the remainder when 25830492 is divided by 539?
534
Calculate the remainder when 494875 is divided by 165.
40
What is the remainder when 2472614 is divided by 210?
74
Calculate the remainder when 15854 is divided by 2640.
14
What is the remainder when 6810 is divided by 904?
482
What is the remainder when 128381 is divided by 1188?
77
Calculate the remainder when 271689636 is divided by 23.
20
What is the remainder when 32552602 is divided by 171?
16
Calculate the remainder when 323035 is divided by 3589.
25
Calculate the remainder when 1821858 is divided by 1821851.
7
What is the remainder when 27933958 is divided by 67?
50
Calculate the remainder when 21987792 is divided by 21.